omposite?
False
Is 60896149 a prime number?
True
Is 19614071 a prime number?
True
Is 141856327 prime?
True
Is 139217 prime?
False
Is 21916997 composite?
True
Is 64593899 composite?
True
Is 3704201 a prime number?
True
Is 1135613 prime?
True
Is 48527119 prime?
True
Is 64921577 a composite number?
True
Is 67367603 composite?
True
Is 8273257 composite?
False
Is 889271 a prime number?
True
Is 54695689 a composite number?
True
Is 96698401 a composite number?
False
Is 12380518 a prime number?
False
Is 5919779 a prime number?
True
Is 65225363 composite?
True
Is 15409903 prime?
True
Is 52396583 composite?
True
Is 9709717 prime?
False
Is 3585287 a prime number?
False
Is 25754243 a prime number?
True
Is 1051373 a composite number?
False
Is 223315061 a prime number?
True
Is 572269 a composite number?
False
Is 23656447 a prime number?
True
Is 295718837 composite?
True
Is 122209289 a composite number?
False
Is 71982923 composite?
True
Is 20681939 composite?
False
Is 184850053 composite?
False
Is 16270834 a composite number?
True
Is 161129453 prime?
False
Is 5728859 a prime number?
True
Is 13836611 prime?
True
Is 9543199 composite?
True
Is 1151389 a prime number?
True
Is 87328693 a composite number?
True
Is 922559 prime?
False
Is 2139673 a composite number?
True
Is 6327142 a composite number?
True
Is 140125789 a composite number?
False
Is 31326521 a prime number?
False
Is 2255801 composite?
True
Is 225977 composite?
False
Is 145965257 a composite number?
False
Is 12771467 prime?
False
Is 11969593 a composite number?
True
Is 1613743331 composite?
False
Is 1555901 composite?
False
Is 15174791 composite?
False
Is 20034471 a prime number?
False
Is 20524481 composite?
True
Is 2923211 composite?
False
Is 551393 composite?
True
Is 1030272329 a prime number?
True
Is 2221553 a composite number?
True
Is 8690867 a composite number?
False
Is 24773009 a composite number?
False
Is 92946697 composite?
False
Is 39526603 a prime number?
True
Is 31598477 composite?
True
Is 4466921 a composite number?
True
Is 373380863 a prime number?
False
Is 195532217 composite?
True
Is 108671 a prime number?
False
Is 2022139 composite?
True
Is 4965367 prime?
False
Is 1434271 prime?
False
Is 2964701 a prime number?
False
Is 27936383 composite?
True
Is 132968293 a prime number?
True
Is 481513 composite?
False
Is 18016249 a prime number?
True
Is 6889997 a prime number?
True
Is 2997439 a composite number?
False
Is 26970379 a composite number?
False
Is 4112473 composite?
True
Is 7661873 prime?
False
Is 31760657 prime?
False
Is 15980449 a composite number?
False
Is 1909603 a composite number?
False
Is 11900687 prime?
True
Is 125662309 prime?
False
Is 40236221 a composite number?
False
Is 217018609 prime?
False
Is 214334873 composite?
True
Is 1518863 a prime number?
True
Is 32811503 composite?
False
Is 42690343 a composite number?
False
Is 27569735 a prime number?
False
Is 7637939 a prime number?
False
Is 828281473 a composite number?
False
Is 38397251 a composite number?
True
Is 18246863 a prime number?
True
Is 124226881 composite?
False
Is 27105539 a prime number?
True
Is 41351659 a prime number?
True
Is 1859971 prime?
True
Is 81361241 a composite number?
True
Is 2344751 composite?
False
Is 4259191 prime?
True
Is 7365973 a composite number?
True
Is 368647 prime?
True
Is 168581 a composite number?
True
Is 514835 composite?
True
Is 39254263 a composite number?
False
Is 3418601 prime?
True
Is 159207863 prime?
False
Is 9361301 prime?
False
Is 16468373 a composite number?
True
Is 104567447 prime?
True
Is 1085941 composite?
True
Is 147282119 composite?
False
Is 103647977 a prime number?
True
Is 192785273 a prime number?
False
Is 1211448343 composite?
True
Is 23412491 composite?
True
Is 81823961 prime?
False
Is 6506921 composite?
False
Is 545827 a composite number?
False
Is 79845893 a prime number?
True
Is 20926723 composite?
False
Is 317371 a prime number?
True
Is 40463291 composite?
True
Is 952559 a composite number?
False
Is 538125659 a composite number?
True
Is 549134159 prime?
False
Is 30466571 composite?
False
Is 152235737 a composite number?
False
Is 12099773 a prime number?
False
Is 135212549 a prime number?
False
Is 32488399 a prime number?
True
Is 19896977 composite?
True
Is 101393 a prime number?
False
Is 5465101 a composite number?
False
Is 53515061 a composite number?
True
Is 1214519 a composite number?
False
Is 3898311 a prime number?
False
Is 16941373 a prime number?
True
Is 7512407 prime?
False
Is 446433299 a prime number?
False
Is 20439019 a prime number?
False
Is 3454501 prime?
True
Is 240999041 a composite number?
False
Is 73953769 a prime number?
False
Is 913853 a prime number?
True
Is 261628127 composite?
True
Is 871963 prime?
True
Is 36449389 a composite number?
True
Is 216703 composite?
False
Is 315128861 a prime number?
False
Is 24239711 prime?
False
Is 23803357 a composite number?
False
Is 3858253 a prime number?
False
Is 1039001 a prime number?
True
Is 7964237 composite?
False
Is 852443 prime?
False
Is 30664927 a composite number?
False
Is 194454097 composite?
True
Is 8371697 prime?
False
Is 77459771 prime?
True
Is 25083217 a composite number?
False
Is 61644127 prime?
True
Is 1030411 prime?
True
Is 786817 composite?
True
Is 182945417 composite?
False
Is 3266365 prime?
False
Is 3793823 prime?
False
Is 14723123 a composite number?
True
Is 323670029 composite?
False
Is 3059899 composite?
True
Is 1526831 prime?
True
Is 32039653 composite?
False
Is 1481971 a prime number?
True
Is 123338977 a prime number?
True
Is 581683 composite?
False
Is 656519 a composite number?
False
Is 741215 a prime number?
False
Is 548623 prime?
True
Is 369450917 a composite number?
True
Is 4924523 prime?
True
Is 1377569 a composite number?
True
Is 20408957 a composite number?
False
Is 15606707 prime?
False
Is 35151707 a composite number?
True
Is 359539 a prime number?
True
Is 1015429 a composite number?
True
Is 28973981 composite?
False
Is 38843531 a composite number?
False
Is 3244669 composite?
True
Is 27528269 a composite number?
True
Is 216887059 composite?
False
Is 74241637 a prime number?
False
Is 3297601 prime?
True
Is 6905947 a composite number?
False
Is 22736473 composite?
False
Is 27856771 a composite number?
False
Is 5348099 a composite number?
True
Is 455579363 a prime number?
False
Is 51453217 composite?
False
Is 5972981 prime?
False
Is 94613617 prime?
False
Is 1362551 a prime number?
True
Is 3324617 a prime number?
False
Is 30958483 a composite number?
True
Is 38217553 a composite number?
True
Is 56516437 a prime number?
False
Is 37066013 a composite number?
False
Is 17381197 a prime number?
True
Is 2915791 prime?
True
Is 215502779 composite?
False
Is 6706907 a composite number?
False
Is 4228349 composite?
False
Is 5008681 prime?
True
Is 232173251 a prime number?
False
Is 138034433 composite?
False
Is 70173601 a prime number?
False
Is 346743097 a composite number?
False
Is 117966523 prime?
False
Is 174244773 composite?
True
Is 3739523 a prime number?
False
Is 5036119 composite?
True
Is 216550979 composite?
False
Is 44594267 a composite number?
True
Is 68949983 a composite number?
True
Is 158703283 prime?
False
Is 3190741 a composite number?
True
Is 23521469 a prime number?
True
Is 31664443 composite?
False
Is 21359753 prime?
True
Is 25654523 prime?
True
Is 64816721 prime?
False
Is 3834851 a prime number?
True
Is 190293853 a prime number?
False
Is 178776127 composite?
False
Is 396563 a composite number?
False
Is 2878229 a composite number?
False
Is 6061819 a composite number?
True
Is 10738967 a composite number?
True
Is 3797413 prime?
False
Is 162404569 a prime number?
True
Is 4172279 a prime number?
True
Is 1807902673 a prime number?
False
Is 310119029 a composite number?
True
Is 3725887 composite?
True
Is 87192929 a prime number?
False
Is 40317265 composite?
True
Is 35855537 a composite number?
False
Is 1145057 composite?
False
Is 6668902 composite?
True
Is 353302709 composite?
False
Is 260201 a composite number?
False
Is 1371359 a prime number?
False
Is 9298981 a prime number?
False
Is 6947851 composite?
False
Is 601726889 composite?
True
Is 4095881 a prime number?
True
Is 3155987 a composite number?
False
Is 19185157 prime?
False
Is 4034089 prime?
True
Is 232067917 a prime number?
Fal